+ 44?
-8
Evaluate 16 + -14 + 9 + -4.
7
Calculate 4 + 2 + -13 + 2.
-5
What is 733 + -737 - (1 - (11 + 1))?
7
Calculate (-3 - (-1 + -3)) + 1 - 0.
2
Calculate 3 - (5 - (10 + -9 + 4)).
3
What is -4 - (1 + (2 - -2) - 7)?
-2
What is the value of 2 + (1 - (0 + 6) - -3)?
0
What is (30 - 29) + (-5 - 0)?
-4
What is the value of 8 + -8 + -1 - (-1 + 2)?
-2
Evaluate (1 + 2 - 1) + 2.
4
What is 4 + -1 + -2 + 1 + 1?
3
3 - 10 - (-3 - -1)
-5
Evaluate 11 - ((-5 - -11 - 6) + 4).
7
3 + (-1 - -4) - 2
4
Evaluate -5 + -1 + -2 + 3.
-5
(-6 - -16 - 2) + -3
5
Calculate 3 + -5 - (2 - -1 - 4).
-1
What is -3 + 1 - (-19 - (-2 - 25))?
-10
Evaluate (-3 - -15) + (-43 - -35).
4
Evaluate (-6 - -10) + (1 + 2 - 2).
5
What is 3 + -12 - (-9 + -4 - -6)?
-2
Calculate (0 - (8 + -20 - -5)) + -16.
-9
What is 6 + (-6 - 12) + 3?
-9
What is 0 + 5 - (2 - (-2 + 4))?
5
What is the value of -16 + 14 + -4 - (-2 - 1)?
-3
Evaluate 4 - (-1 - -1 - (-3 - 0)).
1
1 + 3 + -2 - 1 - -4
5
3 + (-1 - -3 - 4) + 4
5
What is the value of 0 + -4 + 4 + -5?
-5
(-16 - -18) + 1 + -7 + -1
-5
Calculate 0 + 0 + 8 + (6 - 8).
6
(4 - 4) + 2 + -5
-3
Evaluate (-3 - -2) + (-9 - (-2 - 1)).
-7
(-4 - (-2 + 0 + 1)) + -1
-4
Calculate 0 + 1 - (1 - (-6 + 5)).
-1
Calculate -5 - (6 + -3 + (-13 - 1)).
6
Calculate 2 + -4 + (-5 + 8 - 4).
-3
What is 3 + -3 - (7 - 4) - 2?
-5
What is -1 + (8 + 1 - 10)?
-2
Calculate 39 - 36 - (-1 + 5).
-1
0 - ((5 - 5) + -4)
4
What is the value of (1 - -1) + 22 + -20?
4
Calculate 3 + 3 - 9 - -9 - 13.
-7
1 - (6 - 1 - 6) - -3
5
Calculate (13 - (9 - -1)) + -1 + 0.
2
-6 + -2 - (-3 - (3 + -2))
-4
-8 + 8 + -3 - (-4 + 5)
-4
Evaluate 2 - (-3 - (-7 + 5)).
3
What is the value of 18 + -16 - (3 - 1)?
0
What is the value of -11 - (-10 + -1 + 10 + -6)?
-4
Calculate 3 - -1 - ((-6 - 7) + 9).
8
Calculate 1 - 0 - 5 - (-1 - -1).
-4
What is (1 - (-2 - (5 + -4))) + -3?
1
Evaluate 3 - (-8 + 3 + 3 + 3).
2
(-8 - -5 - 2) + 0
-5
Calculate 10 + -20 + (-2 - -6).
-6
What is -4 + 2 - (-2 - -5)?
-5
What is the value of -11 - (-4 - 14) - 1?
6
What is the value of 5 + -4 + 1 + -6?
-4
1 + -2 + (-4 - (-10 + 6))
-1
Evaluate 28 - 13 - (-1 + 22).
-6
Calculate 13 + (-7 - -7) - 7.
6
-16 - (11 + -16 - 4)
-7
Calculate -12 + 7 + -5 + 5.
-5
Evaluate 2 + -1 + (4 + 9 - 8).
6
What is the value of -1 + (4 - 4 - -4) - 0?
3
0 + -1 + (-9 - (-1 - 5))
-4
Calculate 7 - (3 + (3 - (1 - -2))).
4
-2 - (9 + -6 - 4)
-1
Calculate 10 + -7 + -2 + 6.
7
Evaluate 0 + -1 - (-19 - -21).
-3
Evaluate 15 + 9 + (-25 - -9).
8
Calculate 1 + -1 - (3 + -1).
-2
What is the value of -11 + 14 + (1 - 3)?
1
What is the value of -1 + -1 - -1 - (64 + -62)?
-3
Evaluate 8 - (4 + 1 - 2).
5
-3 - 6 - (-10 - (-10 + 0))
-9
What is the value of 10 + -1 - (120 - 119)?
8
46 - 36 - (9 - 2)
3
Evaluate (-1 - -1 - -2) + (3 - 5).
0
What is -8 - (-9 + 7 + (1 - 1))?
-6
Evaluate 1 + -1 - (5 + -5) - 1.
-1
What is 8 - (1 + 13 + -8)?
2
Calculate -7 - (-4 + (-7 - (7 + -3))).
8
What is the value of 7 + (14 - 4) + -9?
8
Evaluate 0 - (-2 + -1 + 0) - 0.
3
-5 + (-6 - -2) + 4
-5
What is 4 + 2 + -9 - -5?
2
3 + (-7 - (-5 + (-2 - -5)))
-2
Calculate -5 - 0 - (10 - 15).
0
-14 + (5 - -7) + (-1 - -2)
-1
Calculate (-3 - 3 - -4 - -5) + 1.
4
Evaluate 5 - ((-1 - -11) + -3).
-2
Calculate 5 + 4 + (-4 - -3 - 17).
-9
(-6 + 0 - -5) + (-3 - -1)
-3
9 + -7 + -2 + -6
-6
Calculate 0 - (5 + (2 - 4)).
-3
What is the value of -20 + 13 + 7 + -3 + 12?
9
Evaluate 1 + (-6 - (8 + -4 - 6)).
-3
Calculate 0 + (0 - (-3 + 7)).
-4
Calculate 11 - ((-7 - -23) + -3).
-2
Calculate -1 + -13 + -138 + 147.
-5
Calculate -26 - -21 - (2 - 6).
-1
-5 - (-3 + 1) - 0 - -1
-2
What is the value of -4 + (4 - -4) + -12?
-8
Evaluate -6 + (14 - 6) - 7.
-5
Evaluate 6 - (2 - (-10 - -3)).
-3
What is (-4 - (-7 - -2)) + 1?
2
Calculate -3 + (17 - (5 - -4)).
5
(-15 - -1) + (26 - 6)
6
(-4 - -5) + (-6 - -1) - -2
-2
Calculate -2 + (-1 - (-4 + -2 + 1)).
2
What is -7 + (-2 - 4 - -9) + 2?
-2
What is -2 + 1 - (-6 - (-7 + 6))?
4
What is the value of 5 + (-7 - (-2 - 9)) + 0?
9
Calculate 1 + 2 - -2 - (6 - 4).
3
Evaluate 0 + 9 + -5 + -2 - 4.
-2
-4 + 6 + 5 + -3 + -2
2
What is the value of -5 + (-3 - -5 - -2)?
-1
Calculate 8 + (0 - (-4 - -6 - 0)).
6
What is the value of 2 + -2 + 6 + 0?
6
Calculate 4 + (3 + -6 - 4).
-3
-6 + 4 + -1 + 1 + 3
1
Evaluate -2 - (-5 - -3) - -3.
3
What is the value of 7 + (3 - 8) + -13 - -5?
-6
What is -1 + (-6 + 3 - -9)?
5
What is the value of (-142 - -146) + (0 - 2)?
2
What is -4 + 0 + -1 + 7?
2
What is -10 + 0 - (13 - 18)?
-5
What is the value of (-14 + -1 - (-7 - 1)) + 15?
8
(-5 - -2) + 1 - -8
6
Calculate 5 - ((-4 - -6) + 1).
2
Calculate -5 - (-3 - 5) - (-5 + 1).
7
Evaluate -9 + (-1 - (-4 + -16)).
10
What is the value of -2 + (-4 - 0 - -5) - -4?
3
What is 20 + -27 + (2 - -1) - 0?
-4
Calculate -1 + 3 - (-6 - -17).
-9
-3 + (-12 - -17) + -4
-2
Calculate 19 + -23 + -2 + 0 + 5.
-1
-10 + 1 - (-35 + 28)
-2
Evaluate -1 + -2 - ((-1 - -3) + -2).
-3
Evaluate 5 - (-3 + 4 + 3).
1
Evaluate -5 + -5 + (5 - -6) + -2.
-1
What is 10 - 3 - (4 + -7 + 1)?
9
Calculate 21 + -11 + (-5 - 5).
0
2 - -1 - (-6 + 8)
1
(0 - (4 - 1)) + (4 - 3)
-2
What is the value of -2 + 4 + -11 + 15?
6
0 + (-14 - -6 - -4) + 3
-1
(0 - -1) + (6 - (-1 + 6))
2
What is (-1 - (4 + -2 + -1)) + 3?
1
What is 1 + (6 + -2 - (0 + 5))?
0
What is the value of -8 + (15 - 8 - 4)?
-5
Evaluate 4 - 9 - (-6 + -2).
3
What is the value of -9 + (4 - 0) + 5 + 4?
4
0 - 4 - (1 - 7)
2
What is the value of 1 - 0 - (-10 - -5)?
6
(-15 + 9 - -15) + -4
5
Calculate (-2 - 7 - -1) + 3.
-5
13 - (3 - (-14 + 15))
11
What is the value of (4 + -4 - -4) + (1 - 2)?
3
What is the value of 2 + 1 + 6 + -8 + -1?
0
-3 + (3 + 2 + -7 - -3)
-2
What is -18 - -30 - (7 - 0)?
5
What is the value of 1 - -2 - (1 + 0 + -2)?
4
Evaluate -1 + 6 + (-15 - (-16 + -3)).
9
What is -4 - ((9 - 5) + -9)?
1
Evaluate 0 - (-6 - -2 - (-10 - -1)).
-5
What is 3 + -4 + -4 + 1?
-4
What is -6 - (-1 + -1 + -2) - 1?
-3
-7 + 1 - -2 - 2 - -8
2
Evaluate 2 - ((-3 - 0) + 5) - 2.
-2
What is the value of 12 + -13 + 7 + -3?
3
What is 5 - 1 - (3 - (-2 + 2))?
1
Evaluate -5 + 6 + 3 - (0 + -1).
5
(9 - 2 - 0) + 22 + -26
3
What is the value of -8 - (-4 - (-2 + 2))?
-4
Calculate 4 + 1 + (0 - (1 + 1)).
3
-1 - -4 - (-4 + (2 - -6))
-1
What is the value of (-6 - -1) + (0 - -9)?
4
(-1 + 7 - -2) + -6 + 2
4
Calculate -2 + -3 + -1 - -11.
5
Evaluate (-9 - -8) + (-3 - (0 - 7)).
3
Evaluate 11 + (-7 - -7) + -7.
4
Calculate (-5 - 2) + 15 - 7.
1
Evaluate (-5 - 0) + (35 - 24).
6
-5 + (9 - -1) - 12
-7
Calculate -6 - (2 - 2 - 2).
-4
Calculate (-1 - (1 - -1)) + 8.
5
Evaluate 2 + 1 + 3 + -5.
1
Calculate (-18 + 0 - -1) + -274 + 282.
-9
(1 - -6) + (-7 - -3) - 0
3
(-1 - (1 - 0)) + 5
3
What is the value of -6 - (-12 + (1 - -1))?
4
Evaluate (9 - 11) + 8 + -7.
-1
What is the value of -4 + (-12 - -14) + 13?
11
(-8 - 4) + 24 + -13
-1
What is the value of -5 + (-6 - -3) + 7 - -4?
3
Calculate (5 - 2) + (-8 - -9 - 9).
-5
Evaluate -1 - 2 - (15 + -19).
1
What is 5 - (4 - 2) - -1?
4
-33 - -24 - (2 - 18)
7
What is the value of -7 + (-4 - (-7 - 2)) + 5?
3
Evaluate 5 - (1 + (2 - 1)).
3
(-1 - (-6 - -3)) + (-6 - -3)
-1
Evaluate -12 + (5 - ((-9 - -8) + -2)).
-4
Evaluate 0 + -2 + (3 - (10 + -6)).
-3
-1 - ((-2 - (-1 - -1)) + 1)
0
What is the value of -11 + 5 + 2 + 3?
-1
What is the value of 4 + (-17 - -1) + 4?
-8
2 + (1 - (-1 - -1))
3
Evaluate 3 + 2 + -5 - 0.
0
Evaluate (-8 - 4) + (7 - -9).
4
Calculate 7 + (-4 - -1 - (1 + 0)).
3
What is -1 + 5 - 10 - (-9 + 5)?
-2
What is the value of 9 + -5 - 4 - (1 + 3)?
-4
-4 + 3 + -3 + -3 - -2
-5
-13 - -1 - (-5 + -3)
-4
What is the value of -3 + 0 + 6 + -2?
1
Evaluate 2 + 5 - ((1 - 5) + 4).
7
Calculate -2 + (2 + 2 - 2).
0
Calculate 2 + (-6 - 2) - -8.
2
Evaluate (3 - 1) + 1 + -1 - 6.
-4
What is -5 + (-5 - -13) - (1 + 0)?
2
-3 - (-2 + -7 + 5)
1
-2 - -2 - ((6 - 4) + 5)
-7
Evaluate -8 + -2 + -6 + 13.
-3
What is the value of 4 + (2 - 5) - (-5 - -1)?
5
6 + -6 - 4 - -8
4
Evaluate -5 - -3 - 2 - (-4 + 5).
-5
What is the value of 5 - ((-1 - -6) + -2) - 1?
1
What is -4 + 0 - (0 + -2)?
-2
What is the value of 11 - (11 + -5) - 2?
3
What is the value of (-2 - 0) + 9 + -4 + -3?
0
-2 + (-2 - -1) - -8
5
What is (-9 - -1) + (2 - (-3 - -4))?
-7
Evaluate -4 + (-2 + 2 - 0 - -3).
-1
Evaluate -3 + (0 - 11) + 19.
5
What is the value of (2 - 5) + -2 + 7 + 6?
8
Evaluate (0 - -2) + -6 + 22 + -23.
-5
Evaluate 8 + -1 + 12 + -20.
-